ors of 2/x + (-1164)/108*-24?
2, 3, 43
Let w = 43322 - 18531. List the prime factors of w.
13, 1907
Let x = -17089 - -24060. What are the prime factors of x?
6971
Let w be 2 + (-5)/((-5)/(-71))*1. Let q(j) = -99*j**3 - 2*j**2 - j. Let y be q(-1). Let i = w + y. List the prime factors of i.
29
Let s(h) = 2361*h**3 + 23*h**2 - 36*h + 5. List the prime factors of s(2).
18913
Let t be 1608/36*(-3)/(-2). Suppose 0 = -63*w + t*w - 152. Suppose -6*y + w = -16. List the prime factors of y.
3
Suppose -2*g = 14 - 20. Suppose -25 = 5*d, r + g*r + 5*d = -17. What are the prime factors of (r + -5)*(-55)/15?
11
Let u(y) = -2*y**3 - y**2 - 6*y + 497. Let q(b) = -b**2 + 15*b - 44. Let i be q(11). List the prime factors of u(i).
7, 71
Let f = 308 + -240. Let w = f + 252. What are the prime factors of w?
2, 5
Let s(i) = i**3 - 8*i**2 - 5*i + 21. Let m be s(12). Let w = m + -235. What are the prime factors of w?
2, 151
Let x(t) = t**3 + 16*t**2 - 22*t - 82. Let b be x(-17). Suppose -826 = -b*h + 1079. List the prime factors of h.
5, 127
Let t(q) = -q**3 - 59*q**2 - 257*q - 61. What are the prime factors of t(-58)?
3, 43, 89
Suppose 30*h - 23099 = 32366 - 18535. List the prime factors of h.
1231
Let u = 16 - 4. Suppose 21 = -0*r + r. List the prime factors of u/r - (-818)/14.
59
Let w(v) = 3*v + 83. Let l(q) = -6*q - 167. Let z(f) = 2*l(f) + 5*w(f). What are the prime factors of z(15)?
2, 3, 7
Let g(l) = l**3 + 4*l**2 + 3*l + 2. Let o be g(-2). Suppose 44*n - 45*n = -2. Suppose -5*a = -d + 60, 125 = -n*d + o*d - 5*a. What are the prime factors of d?
5, 13
Let c(n) = 48*n**2 - 7*n + 30. Let p be c(22). Suppose 45*u - 66308 + p = 0. List the prime factors of u.
2, 3, 5
Let h = 3910 - 3048. What are the prime factors of h?
2, 431
Suppose 0 = 5*g + 3*w - 32669, -19605 = 15*g - 18*g - 3*w. List the prime factors of g.
2, 23, 71
Suppose 5*w = -10, 0*p - 160 = -3*p + 5*w. Let a = p + 54. Suppose -m = 3*m - a. List the prime factors of m.
2, 13
Suppose 80*z = 234*z - 1226456. List the prime factors of z.
2, 11, 181
Suppose -4*j + 4*w = -20, -j - 4*w = -9*w - 17. Suppose -4 - 6 = -2*g, 5*g = j*i + 23. List the prime factors of 139 - (0/2 - i - -1).
139
Let h(d) = -13*d - 5. Let o be h(-2). Suppose o*k - 19*k - 66 = 0. Let n = 9 + k. List the prime factors of n.
2, 3, 7
Suppose -8977 = -3*z + 2*w, 2*z + z - 8947 = -4*w. What are the prime factors of z?
7, 61
Let t(j) = j**3 + 17*j**2 - 11*j + 105. Suppose 3*n - 5*h + 48 = 0, 0 = n - 0*h + 5*h + 16. What are the prime factors of t(n)?
3, 179
Let p(x) = 3492*x + 83824. List the prime factors of p(0).
2, 13, 31
Let s = 37792 - 26283. List the prime factors of s.
17, 677
List the prime factors of (2/(-3))/(25/15) - 532814/(-10).
53281
Let b(c) = -6185*c**3 - 6*c - 6. What are the prime factors of b(-1)?
5, 1237
Let x be (-1 - 39) + 1 + -2. Let l(k) = -k**3 + 6*k**2 - 31*k + 183. Let f be l(6). What are the prime factors of 2*(f - x/2) - 2?
3, 11
Let l(n) = 2*n**2 - 32*n + 5. Let t be l(16). Suppose 2*h - t*k = -26, -3*k = -h + 5*h. List the prime factors of 5/15 + ((-296)/h)/4.
5
Suppose 3*y - 1829 = -5*a + 9*a, -2*a = 5*y + 921. What are the prime factors of (15 - 9) + (-3 - a - -3)?
2, 29
Suppose 454 = -c + 456. What are the prime factors of ((-3)/c)/((28/(-152))/7)?
3, 19
Suppose 84*y = 83*y + 4385. What are the prime factors of y?
5, 877
Suppose 12*s + 14 = -2*s. List the prime factors of s + -1 - 2128/(-4).
2, 5, 53
Suppose 4 - 24 = 5*x. Let c(y) = -y**3 + 8*y**2 - 4*y + 3. Let v be c(x). Suppose 274 = 5*i - v. List the prime factors of i.
97
Let b(h) = -301*h - 4165. List the prime factors of b(-63).
2, 7, 151
List the prime factors of ((-1360)/(-230) - 6) + 678828/69.
2, 4919
Let v = 18 - 24. Let g(c) = -c**3 - 2*c + 8. What are the prime factors of g(v)?
2, 59
Let b = 70 - 25. Let n be (-9)/b - 22/(-10). Let p = 86 + n. List the prime factors of p.
2, 11
Let c = -38360 + 82884. What are the prime factors of c?
2, 11131
Let o = -28 - -28. Suppose -4*w = -o + 20. Let j(k) = 3*k**2 + k - 2. What are the prime factors of j(w)?
2, 17
Let l(q) = -22*q**2 + 13*q**3 - 10*q**2 + 3 - 8*q + 9*q**2. Let i(n) = 7*n**3 - 12*n**2 - 4*n + 1. Let y(g) = -11*i(g) + 6*l(g). List the prime factors of y(8).
103
Suppose 40 = 4*h - n - 15, -5*n = -h + 28. Suppose h*r = 18*r - 3700. List the prime factors of r.
2, 5, 37
Suppose 0 = -2*b - 0*b + 4*s + 1198, -2405 = -4*b + 5*s. What are the prime factors of (67540/b)/((-2)/(-11))?
2, 307
Suppose 138*y + 617312 = 239*y. List the prime factors of y.
2, 191
Let p be 10/(-8) - (-2)/8. Suppose 0 = 147*z - 167*z. List the prime factors of (5/(5/176))/(z - p).
2, 11
Let u = -14 + 141. Let v(o) = -116 + 36*o + 11*o + u. List the prime factors of v(5).
2, 3, 41
Let x = -23 - -21. Let l be (x + 79)*4/2. Let v = l + -83. List the prime factors of v.
71
Suppose 5*i + 192 = 7*i. Suppose 4*p - 2*s = 404, -2*s + i = p - 5*s. List the prime factors of p.
2, 3, 17
Let j(m) = 14241*m**2 + 24*m - 24. List the prime factors of j(1).
3, 47, 101
Let f = -23435 + 30275. What are the prime factors of f?
2, 3, 5, 19
Let x(l) = -3*l**2 - l + 18. Let j be x(-8). What are the prime factors of (3/((-12)/j))/((-10)/(-60))?
3, 83
Let h(l) = l**2 + 23*l + 6. Let f be h(-19). Let g be (60/f)/((-2)/406). Suppose 3*p = 3*v + g, -5*p + 13 + 277 = v. What are the prime factors of p?
2, 29
Let g = -2 - -34. Suppose g = 2*s + 4*w, -5*s - w + 110 = 3*w. What are the prime factors of s?
2, 13
Let g(v) be the second derivative of v**5/20 + 4*v**4/3 - 2*v**3 + v**2/2 - 9*v + 1. What are the prime factors of g(-15)?
2, 7, 29
Suppose -11*j - 80 = 5*j. Let s be (4/j)/((-52)/(-13390)). What are the prime factors of s/(-2) - (5 + -6 + -3)?
107
List the prime factors of (-25)/5 + (-3 + 0)/(-3) + 14095.
3, 7, 11, 61
Suppose c + 14 + 4 = 0. Let s = -13 - c. Suppose w = -1, 2*w + 33 + 49 = s*k. List the prime factors of k.
2
Let y be ((-2)/(-3))/(20/630*-7). Let t = -17 - -5. List the prime factors of (298/8)/(y/t).
149
Let k(u) = u**3 - 10*u**2 + 10*u + 8. Let a be k(9). Suppose -9 = -z - a. What are the prime factors of z/(-28) + 2615/35?
3, 5
Let t(g) = -6*g - 30. Let b be t(-5). What are the prime factors of 5 + (426 - (0 + b - 3))?
2, 7, 31
Let g(n) = 748*n**2 + 133*n + 133. What are the prime factors of g(-1)?
2, 11, 17
Let y = -31 - 20. What are the prime factors of (-4809)/(-17) + (-6)/y?
283
Let x = -5623 + 10179. What are the prime factors of x?
2, 17, 67
Suppose 2*a - 5 = -23. Let p(t) = 3*t**2 + 11*t - 10. What are the prime factors of p(a)?
2, 67
Let b(y) = 11*y + 114. Let u be b(5). Suppose -2*t = -159 - u. What are the prime factors of t?
2, 41
Let k = 59 - 59. Suppose 2*a = -g + 113, k = -3*g - 0*g + 3*a + 294. What are the prime factors of g?
103
Let g be 32/56 + (-356)/(-14). Suppose -6257 - 6483 = -g*k. What are the prime factors of k?
2, 5, 7
Suppose -8*h - 161 = 335. Let l(f) = f**3 - 5*f**2 + 3*f - 9. Let y be l(7). Let g = h + y. List the prime factors of g.
2, 3
Let f(i) = -i**3 + 14*i**2 - 16*i + 2. Suppose 8*r = -5*r + 156. What are the prime factors of f(r)?
2, 7
Suppose 17 = 5*x - u, -5*x + 8*x - 3*u = 15. Suppose -x*f - 377 = 400. Let m = -114 - f. List the prime factors of m.
5, 29
List the prime factors of -22 - (-5 + -7) - -21141.
11, 17, 113
Let t = 907 + -108. Suppose -5*i + 531 = -t. List the prime factors of i.
2, 7, 19
Suppose -5*l = -3*n - 19162, -13*l + 4*n = -15*l + 7670. List the prime factors of l.
3833
Let l(f) = -2*f**3 + 43*f**2 - 41*f - 13. Suppose -3*k - 2*r = -60, k - 4*r + 60 = 4*k. What are the prime factors of l(k)?
367
Let f(y) = 9*y**3 + 1. Let m be f(1). Suppose 0*b + b = 0. Suppose -v + 67 - m = b. What are the prime factors of v?
3, 19
Let l(k) = -k + 16. Let q be l(12). Suppose -9*w + q*w = -1940. What are the prime factors of w?
2, 97
Let p be -6 - 2 - -2 - -12. Suppose p*b = -1691 + 8801. List the prime factors of b.
3, 5, 79
Suppose 0*h = 3*h + 6, 5*k + 21 = -3*h. Let s(u) = u + 9. Let m be s(k). List the prime factors of (-5)/30 + 271/m.
3, 5
Suppose -12*u = -14*u + 6. Let v(p) = -p**u + 1 + 8*p**2 - p + 4*p - p. List the prime factors of v(6).
5, 17
Suppose -3*s + 5*s = 0. Suppose -5*t - 2*h + h + 5 = s, 0 = -2*t + 4*h + 24. Suppose -98 = -t*w + 158. List the prime factors of w.
